{"id":136,"date":"2013-02-06T13:34:26","date_gmt":"2013-02-06T12:34:26","guid":{"rendered":"http:\/\/test.semicolon.no\/?page_id=136"},"modified":"2014-09-05T13:41:11","modified_gmt":"2014-09-05T12:41:11","slug":"caser","status":"publish","type":"page","link":"https:\/\/www.semicolon.no\/?page_id=136","title":{"rendered":"Caser"},"content":{"rendered":"<p>I Semicolon II brukes caser for \u00e5 integrere teori og praksis. Casene kan knytte seg til en spesifikk deltakervirksomhet, eller h\u00e5ndtere problemstillinger innenfor tverrfaglige temaer.<\/p>\n<p><a title=\"Arbeidsm\u00e5te\" href=\"https:\/\/www.semicolon.no\/?page_id=181\">Les mer om v\u00e5r arbeidsm\u00e5te.\u00a0<\/a><\/p>\n<p><a title=\"Avsluttede caser\" href=\"https:\/\/www.semicolon.no\/?page_id=183\">Avsluttede caser.\u00a0<\/a><\/p>\n<p>&nbsp;<\/p>\n<p>&nbsp;<\/p>\n","protected":false},"excerpt":{"rendered":"<p>I Semicolon II brukes caser for \u00e5 integrere teori og praksis. Casene kan knytte seg til en spesifikk deltakervirksomhet, eller h\u00e5ndtere problemstillinger innenfor tverrfaglige temaer. Les mer om v\u00e5r arbeidsm\u00e5te.\u00a0 Avsluttede caser.\u00a0 &nbsp; &nbsp;<\/p>\n","protected":false},"author":4,"featured_media":0,"parent":0,"menu_order":3,"comment_status":"closed","ping_status":"closed","template":"","meta":{"footnotes":""},"class_list":["post-136","page","type-page","status-publish","hentry"],"_links":{"self":[{"href":"https:\/\/www.semicolon.no\/index.php?rest_route=\/wp\/v2\/pages\/136","targetHints":{"allow":["GET"]}}],"collection":[{"href":"https:\/\/www.semicolon.no\/index.php?rest_route=\/wp\/v2\/pages"}],"about":[{"href":"https:\/\/www.semicolon.no\/index.php?rest_route=\/wp\/v2\/types\/page"}],"author":[{"embeddable":true,"href":"https:\/\/www.semicolon.no\/index.php?rest_route=\/wp\/v2\/users\/4"}],"replies":[{"embeddable":true,"href":"https:\/\/www.semicolon.no\/index.php?rest_route=%2Fwp%2Fv2%2Fcomments&post=136"}],"version-history":[{"count":0,"href":"https:\/\/www.semicolon.no\/index.php?rest_route=\/wp\/v2\/pages\/136\/revisions"}],"wp:attachment":[{"href":"https:\/\/www.semicolon.no\/index.php?rest_route=%2Fwp%2Fv2%2Fmedia&parent=136"}],"curies":[{"name":"wp","href":"https:\/\/api.w.org\/{rel}","templated":true}]}}