{"id":153,"date":"2013-02-06T14:26:07","date_gmt":"2013-02-06T13:26:07","guid":{"rendered":"http:\/\/test.semicolon.no\/?page_id=153"},"modified":"2021-05-25T08:32:29","modified_gmt":"2021-05-25T07:32:29","slug":"samhandlingsarena","status":"publish","type":"page","link":"https:\/\/www.semicolon.no\/?page_id=153","title":{"rendered":"Samhandlingsarena"},"content":{"rendered":"<p>Et av delm\u00e5lene i Semicolon ll er \u00e5 etablere en samhandlingsarena. Hensikten er \u00e5 samle ledere og fagpersoner fra alle forvaltningsniv\u00e5er, b\u00e5de stat og kommune, samt n\u00f8kkelpersoner fra n\u00e6ringsliv og akademia, til diskusjon rundt hvordan vi kan forbedre elektronisk samhandling i offentlig sektor.<\/p>\n<p><strong> Samhandlingsarenaen skal:<\/strong><\/p>\n<ul>\n<li>Samle interessenter blant deltagende partnere og andre &#8220;stakeholders&#8221; i privat n\u00e6ringsliv og akademia.<\/li>\n<li>V\u00e6re en arbeidsgruppe som belyser og gir tilbakemeldinger p\u00e5 hverandres initiativer.<\/li>\n<li>Omfatte tekniske, semantiske, juridiske og politiske problemstillinger.<\/li>\n<li>Ha en fasilitatorrolle.<\/li>\n<\/ul>\n<p>I prosjektet er det gjennomf\u00f8rt ni <a title=\"M\u00f8ter\" href=\"https:\/\/www.semicolon.no\/?page_id=229\">samhandlingsarena-m\u00f8ter.<\/a><\/p>\n<hr \/>\n<h1>Forlengelse av samhandlingsarena<\/h1>\n<p>NFR st\u00f8tter nytt m\u00f8te i samhandlingsarenaen. Det vil derfor bli arrangert et 10. m\u00f8te 11.Desember<\/p>\n<h2><a href=\"https:\/\/www.semicolon.no\/?p=1190\">M\u00e5lbilde offentlig sektor 2025 &#8211; Hva m\u00e5 gj\u00f8res?<\/a><\/h2>\n","protected":false},"excerpt":{"rendered":"<p>Et av delm\u00e5lene i Semicolon ll er \u00e5 etablere en samhandlingsarena. Hensikten er \u00e5 samle ledere og fagpersoner fra alle forvaltningsniv\u00e5er, b\u00e5de stat og kommune, samt n\u00f8kkelpersoner fra n\u00e6ringsliv og akademia, til diskusjon rundt hvordan vi kan forbedre elektronisk samhandling &hellip; <a href=\"https:\/\/www.semicolon.no\/?page_id=153\">Continue reading <span class=\"meta-nav\">&rarr;<\/span><\/a><\/p>\n","protected":false},"author":4,"featured_media":0,"parent":0,"menu_order":5,"comment_status":"closed","ping_status":"closed","template":"","meta":{"footnotes":""},"class_list":["post-153","page","type-page","status-publish","hentry"],"_links":{"self":[{"href":"https:\/\/www.semicolon.no\/index.php?rest_route=\/wp\/v2\/pages\/153","targetHints":{"allow":["GET"]}}],"collection":[{"href":"https:\/\/www.semicolon.no\/index.php?rest_route=\/wp\/v2\/pages"}],"about":[{"href":"https:\/\/www.semicolon.no\/index.php?rest_route=\/wp\/v2\/types\/page"}],"author":[{"embeddable":true,"href":"https:\/\/www.semicolon.no\/index.php?rest_route=\/wp\/v2\/users\/4"}],"replies":[{"embeddable":true,"href":"https:\/\/www.semicolon.no\/index.php?rest_route=%2Fwp%2Fv2%2Fcomments&post=153"}],"version-history":[{"count":0,"href":"https:\/\/www.semicolon.no\/index.php?rest_route=\/wp\/v2\/pages\/153\/revisions"}],"wp:attachment":[{"href":"https:\/\/www.semicolon.no\/index.php?rest_route=%2Fwp%2Fv2%2Fmedia&parent=153"}],"curies":[{"name":"wp","href":"https:\/\/api.w.org\/{rel}","templated":true}]}}