{"id":183,"date":"2013-02-06T15:01:25","date_gmt":"2013-02-06T14:01:25","guid":{"rendered":"http:\/\/test.semicolon.no\/?page_id=183"},"modified":"2014-09-05T13:42:19","modified_gmt":"2014-09-05T12:42:19","slug":"pagaende-caser","status":"publish","type":"page","link":"https:\/\/www.semicolon.no\/?page_id=183","title":{"rendered":"Avsluttede caser"},"content":{"rendered":"<p><strong><a title=\"Case: Skatt\" href=\"https:\/\/www.semicolon.no\/?p=358\">Skatt<br \/>\n<\/a><\/strong><strong><a title=\"Case: DIFI\" href=\"https:\/\/www.semicolon.no\/?p=364\">DIFI<br \/>\n<\/a><\/strong><strong><a title=\"Case: Br\u00f8nn\u00f8ysundregistrene\" href=\"https:\/\/www.semicolon.no\/?p=371\">Br\u00f8nn\u00f8ysundregistrene<\/a><\/strong><\/p>\n<ul>\n<li><a href=\"https:\/\/www.semicolon.no\/?p=1056\">Oversikt og vurdering av verkt\u00f8y for arbeide med begreper og ontologier<\/a><\/li>\n<\/ul>\n<p><a title=\"Case: Helsedirektoratet\" href=\"https:\/\/www.semicolon.no\/?p=374\"><strong>Helsedirektoratet\u00a0<\/strong><\/a><\/p>\n","protected":false},"excerpt":{"rendered":"<p>Skatt DIFI Br\u00f8nn\u00f8ysundregistrene Oversikt og vurdering av verkt\u00f8y for arbeide med begreper og ontologier Helsedirektoratet\u00a0<\/p>\n","protected":false},"author":4,"featured_media":0,"parent":136,"menu_order":0,"comment_status":"closed","ping_status":"closed","template":"","meta":{"footnotes":""},"class_list":["post-183","page","type-page","status-publish","hentry"],"_links":{"self":[{"href":"https:\/\/www.semicolon.no\/index.php?rest_route=\/wp\/v2\/pages\/183","targetHints":{"allow":["GET"]}}],"collection":[{"href":"https:\/\/www.semicolon.no\/index.php?rest_route=\/wp\/v2\/pages"}],"about":[{"href":"https:\/\/www.semicolon.no\/index.php?rest_route=\/wp\/v2\/types\/page"}],"author":[{"embeddable":true,"href":"https:\/\/www.semicolon.no\/index.php?rest_route=\/wp\/v2\/users\/4"}],"replies":[{"embeddable":true,"href":"https:\/\/www.semicolon.no\/index.php?rest_route=%2Fwp%2Fv2%2Fcomments&post=183"}],"version-history":[{"count":0,"href":"https:\/\/www.semicolon.no\/index.php?rest_route=\/wp\/v2\/pages\/183\/revisions"}],"up":[{"embeddable":true,"href":"https:\/\/www.semicolon.no\/index.php?rest_route=\/wp\/v2\/pages\/136"}],"wp:attachment":[{"href":"https:\/\/www.semicolon.no\/index.php?rest_route=%2Fwp%2Fv2%2Fmedia&parent=183"}],"curies":[{"name":"wp","href":"https:\/\/api.w.org\/{rel}","templated":true}]}}